 of 5?
False
Is 51802272 a multiple of 846?
True
Is 3232 a factor of 3412737?
False
Is 1116405498 a multiple of 267?
True
Is 116 a factor of 283466397?
False
Is 2703272 a multiple of 17?
True
Does 51 divide 806450097?
True
Is 2759110268 a multiple of 284?
True
Does 33 divide 7616477?
False
Is 16 a factor of 9282952?
False
Does 13 divide 48799588?
False
Does 111 divide 31300668?
True
Does 194 divide 2734073?
False
Is 1786902773 a multiple of 863?
True
Does 72 divide 41294736?
True
Is 19 a factor of 415425096?
False
Is 13552574 a multiple of 218?
False
Does 2704 divide 777516272?
True
Is 839 a factor of 144133987?
False
Does 383 divide 7344791?
True
Is 1155 a factor of 18704320?
False
Is 33116391 a multiple of 21?
True
Is 280515842 a multiple of 857?
False
Is 711 a factor of 34506177?
False
Does 3157 divide 297509366?
True
Does 220 divide 402020960?
True
Is 101382282 a multiple of 1784?
False
Is 113315062 a multiple of 49?
False
Is 3 a factor of 18918600?
True
Is 7578388 a multiple of 8?
False
Is 217 a factor of 21370811?
True
Is 170 a factor of 22721520?
True
Is 1988250 a multiple of 11?
True
Is 225 a factor of 6715088?
False
Is 611 a factor of 17460547?
True
Does 116 divide 33618076?
True
Does 790 divide 12102800?
True
Does 55 divide 36585285?
True
Is 4690593 a multiple of 60?
False
Does 439 divide 110899591?
False
Does 12 divide 22402896?
True
Does 353 divide 4274748?
False
Is 32997630 a multiple of 2477?
False
Is 664 a factor of 249968841?
False
Is 6415136 a multiple of 56?
True
Does 128 divide 2408628480?
True
Does 16 divide 94040224?
True
Is 2737 a factor of 17010455?
True
Does 369 divide 31022655?
False
Is 77 a factor of 370968074?
False
Does 32 divide 47919015?
False
Is 84 a factor of 488568658?
False
Is 27 a factor of 919850364?
True
Does 227 divide 30081300?
False
Is 852666674 a multiple of 15?
False
Does 213 divide 33443383?
False
Does 63 divide 2440683?
True
Does 4 divide 3037887?
False
Is 1547 a factor of 481259100?
False
Is 28 a factor of 154993185?
False
Is 12528 a factor of 3493249020?
False
Is 223320860 a multiple of 175?
False
Is 3912805344 a multiple of 14?
True
Is 985 a factor of 1171298586?
False
Is 125 a factor of 7011875?
True
Is 58374080 a multiple of 15?
False
Is 5352755 a multiple of 11?
False
Does 76 divide 36569984?
True
Is 2248 a factor of 238132105?
False
Does 77 divide 978493516?
True
Is 68135 a multiple of 589?
False
Is 5060 a factor of 132217800?
True
Is 6363 a factor of 971725545?
True
Is 521624370 a multiple of 2?
True
Does 107 divide 652163181?
True
Is 6 a factor of 23105440?
False
Does 99 divide 88231275?
True
Is 12 a factor of 85576834?
False
Is 4 a factor of 215903372?
True
Is 1707800452 a multiple of 6434?
False
Is 19801227 a multiple of 43?
False
Is 28771512 a multiple of 28?
True
Does 13 divide 35532430?
False
Is 49405413 a multiple of 93?
True
Is 275113261 a multiple of 764?
False
Is 883557764 a multiple of 1603?
False
Does 332 divide 996666656?
True
Is 1035 a factor of 14488965?
True
Is 10337824 a multiple of 266?
True
Is 150 a factor of 135298500?
True
Does 12 divide 154467625?
False
Does 104 divide 2154241172?
False
Is 7 a factor of 1188466156?
False
Does 705 divide 99742806?
False
Is 545 a factor of 8515625?
True
Is 385312284 a multiple of 14?
True
Is 11503754 a multiple of 7?
False
Is 5 a factor of 9284090?
True
Does 288 divide 174624192?
True
Is 633014704 a multiple of 115?
False
Is 387562276 a multiple of 20?
False
Does 35 divide 738977050?
True
Is 178532032 a multiple of 54?
False
Does 12 divide 29712734?
False
Is 460418140 a multiple of 1955?
True
Does 403 divide 744036332?
True
Is 2960 a factor of 70110317?
False
Does 33 divide 67957943?
False
Is 1512293492 a multiple of 1733?
False
Is 121214304 a multiple of 1164?
True
Does 719 divide 44882856?
True
Is 137 a factor of 62962581?
False
Does 56 divide 1421235760?
True
Does 44 divide 1142208672?
True
Is 200 a factor of 125224000?
True
Is 5 a factor of 1544216593?
False
Is 6120 a factor of 3046491409?
False
Is 330661036 a multiple of 488?
False
Is 421580349 a multiple of 27?
True
Is 135 a factor of 89716005?
True
Is 8 a factor of 36398158?
False
Does 3990 divide 274404270?
True
Is 575639960 a multiple of 14?
True
Is 20 a factor of 2011260?
True
Is 74806998 a multiple of 393?
False
Is 3978586 a multiple of 170?
False
Is 124490395 a multiple of 1069?
True
Does 47 divide 2455045?
True
Is 138061800 a multiple of 150?
True
Is 255580584 a multiple of 168?
True
Is 125 a factor of 18926125?
True
Is 113 a factor of 241009346?
False
Is 41613620 a multiple of 170?
True
Is 161 a factor of 48321413?
True
Is 1468 a factor of 42445468?
False
Does 71 divide 123962521?
True
Is 595 a factor of 925630264?
False
Does 62 divide 4451973?
False
Does 32 divide 1200325173?
False
Does 2996 divide 248512208?
True
Is 11881953 a multiple of 74?
False
Is 1059412 a multiple of 4?
True
Is 1910211780 a multiple of 643?
False
Does 63 divide 36709722?
True
Is 42512430 a multiple of 15?
True
Is 53 a factor of 484452806?
False
Is 168 a factor of 14693824?
False
Is 7 a factor of 117103826?
True
Does 5 divide 27703631?
False
Is 34 a factor of 813448842?
False
Does 669 divide 18058581?
False
Is 649021864 a multiple of 4331?
False
Is 5098 a factor of 237908922?
False
Is 25047070 a multiple of 1743?
False
Does 50 divide 55234150?
True
Is 374001887 a multiple of 31?
True
Is 11 a factor of 530755753?
True
Is 106 a factor of 1384006479?
False
Is 1094516865 a multiple of 1105?
True
Does 4 divide 265512?
True
Does 9 divide 14214221?
False
Is 38072928 a multiple of 8?
True
Is 110549236 a multiple of 287?
False
Is 25 a factor of 84857525?
True
Is 67419184 a multiple of 1204?
True
Is 265 a factor of 22977220?
False
Does 238 divide 15553877?
False
Is 7546409590 a multiple of 49?
False
Is 1166395079 a multiple of 90?
False
Does 10 divide 1424586346?
False
Is 2854 a factor of 96601124?
False
Is 292016829 a multiple of 13?
True
Is 3400 a factor of 399017639?
False
Does 6 divide 33901920?
True
Does 646 divide 3775870?
True
Is 1425970470 a multiple of 30?
True
Is 163679196 a multiple of 3468?
True
Is 1255651929 a multiple of 7?
True
Is 2626 a factor of 44439798?
True
Does 597 divide 5804619657?
True
Is 1309937233 a multiple of 138?
False
Is 3095986950 a multiple of 210?
True
Does 1135 divide 9164301?
False
Is 323 a factor of 1732198708?
False
Is 41021697 a multiple of 36?
False
Is 5043710 a multiple of 1559?
False
Is 458 a factor of 61164068?
True
Is 414421750 a multiple of 60?
False
Does 103 divide 260395845?
True
Is 68 a factor of 251518264?
True
Does 1485 divide 15273225?
True
Is 444 a factor of 28185516?
False
Is 91447909 a multiple of 61?
False
Does 851 divide 213541103?
False
Is 376556197 a multiple of 207?
False
Does 222 divide 55523976?
True
Is 629 a factor of 33878021?
False
Is 128 a factor of 195825920?
True
Is 69 a factor of 35623596?
True
Is 39325902 a multiple of 231?
True
Is 135 a factor of 4913730?
True
Does 3 divide 7347453?
True
Is 60432629 a multiple of 5?
False
Does 241 divide 1883777445?
False
Is 26567184 a multiple of 42?
True
Does 198 divide 493218?
True
Is 33 a factor of 46828945?
False
Does 985 divide 85215305?
True
Is 42 a factor of 23885148?
True
Is 38 a factor of 4357270?
True
Is 133712664 a multiple of 724?
True
Is 234 a factor of 21267315?
False
Is 82 a factor of 4629064?
True
Does 10 divide 99391770?
True
Is 84 a factor of 90908328?
True
Does 5 divide 728190360?
True
Does 52 divide 132944708?
True
Does 1941 divide 10495453?
False
Is 1404555493 a multiple of 9?
False
Does 1268 divide 9281760?
True
Is 622122297 a multiple of 832?
False
Is 38472918 a multiple of 363?
True
Is 78180921 a multiple of 1183?
True
Is 133675332 a multiple of 658?
True
Is 16179750 a multiple of 125?
True
Is 3412 a factor of 27743486?
False
Is 141 a factor of 38333388?
True
Is 125729795 a multiple of 3?
False
Is 1069027567 a multiple of 60?
False
Does 28 divide 70114802?
False
Does 410 divide 792600520?
True
Is 847488762 a multiple of 6?
True
Is 891661407 a multiple of 22?
False
Is 352137020 a multiple of 26?
False
Is 16157232 a multiple of 822?
True
Is 1818859373 a multiple of 5505?
False
Is 1024 a factor of 55822336?
True
Does 95 divide 21897025?
True
Is 33 a factor of 1002042467?
False
Is 440 